 = 2 - 7. Calculate t(u).
-5
Let g(h) = -h**3 - 5*h**2 + 5*h - 3. Suppose 4*a - a = 18. Suppose 13 + a = -4*y + r, 0 = -5*y + 5*r - 5. Determine g(y).
3
Suppose 0 = -5*s + 5*t - 45, 0*t + 13 = -2*s + t. Let h be ((-4)/8)/((-2)/s). Let g(f) be the first derivative of f**4/2 + f**3/3 - 7. Determine g(h).
-1
Let d be 128/72 - 2/(-9). Suppose -2*u - d = -3*u. Let t(l) = -14*l**2 + 22*l**2 - 7*l**u. Determine t(-3).
9
Let y(q) = -6*q - 23*q - 22*q + 54*q. Give y(1).
3
Let d(k) be the third derivative of -k**6/120 - 3*k**5/20 + 3*k**4/8 - 3*k**3/2 + 4*k**2 - 9*k. Determine d(-10).
1
Let v(l) be the first derivative of 3*l**2 - l + 123. What is v(5)?
29
Let p(g) = g + 4. Suppose 14*v + 4 = 15*v. Let x be ((-6)/8)/(v/(-112)). Suppose 2*b + 4*s = -x - 3, -3*b - 24 = 2*s. Calculate p(b).
-2
Let d be 1*4*(273/(-14))/(-13). Let f be -2 - (-1 - -13)/(-2). Let u(x) = 6 + 2*x - 3 - f*x. Calculate u(d).
-9
Let w(m) = -m**2 + 1. Let u(n) = 3*n**2 + 3*n - 4. Let g be u(-2). Determine w(g).
-3
Let x(k) = k**3 + 3*k**2 - 5*k - 6. Let u be x(-4). Let s(v) be the second derivative of v**5/20 + v**4/12 + v**3/6 + v**2 + 12*v - 8. Calculate s(u).
-4
Let r(x) = x**2 + 19*x + 12. Let o = 1361 + -1378. Calculate r(o).
-22
Suppose 35 = y + 6*y. Suppose -4*r - 1 = -y. Let j(a) = 3*a**3 - a. Determine j(r).
2
Let g(s) be the third derivative of 7*s**5/60 - s**4/8 + 2*s**3/3 + 8*s**2. Let z(y) = 8*y**2 - 2*y + 3. Let h(d) = -3*g(d) + 4*z(d). Calculate h(-1).
10
Let t(o) = 2*o - 3. Suppose 0 = 9*m - 10*m. Suppose -7*z + 8*z + 5 = m. Calculate t(z).
-13
Let g be -5 + (-15)/(-5) + (-3)/1. Let b(q) = -4*q + 3. Let m(u) = 3*u - 2. Let k(x) = g*m(x) - 4*b(x). Calculate k(-4).
-6
Let o(t) = t**3 + 7*t**2 - t + 2. Let d be o(-5). Let q = -30 + d. Suppose 0 = 2*k + 5*w - q, -5*k + w + 21 = -2*w. Let u(c) = c - 2. Calculate u(k).
4
Suppose y = -3 + 2, -z + 6 = -5*y. Suppose 4 - z = 3*g. Suppose 5 = 4*f + g, 2*f = 4*b + 18. Let k(n) = n**3 + 5*n**2 + 5*n. Give k(b).
-4
Suppose -4*m + h + 57 = 0, -4*m + 4*h = -0*h - 60. Let y = -16 + m. Let v = y - -4. Let q(z) = 2*z**3 - 2*z**2 - z - 1. Calculate q(v).
5
Let l(d) = -d + 16. Let i = -20 + 34. Let u be l(i). Let n(s) = s**2 - 5*s + 6*s + 6*s + u. Determine n(-7).
2
Suppose 32 = -y + 5*y. Suppose -y*b = -3*b. Let f(m) = -4*m + m - 2 + 6*m + b*m. What is f(-2)?
-8
Let t(a) be the third derivative of -a**5/60 + a**4/24 + 2*a**3/3 - 15*a**2 - 5. Determine t(4).
-8
Let h(u) = -u**2 - 2*u + 13. Let f be h(-4). Let c(y) = -y - 2. Let p be c(-5). Let i(w) = w**p - f*w**2 - w - 4*w - 6 - 2*w**3. Give i(-4).
-2
Let d(x) = -29*x - 12. Let y(o) = -82*o - 35. Let g(f) = 17*d(f) - 6*y(f). Calculate g(-5).
11
Let j(d) = -d**3 - d**2 + 4*d + 3. Let r be 3/(-9) + (-4 - 507/(-9)). Let x = r + -54. Give j(x).
-1
Let j be (8/(-7))/(340/(-595)). Let r(z) be the second derivative of 7/2*z**j + 0 - 1/6*z**3 - 4*z. What is r(8)?
-1
Suppose 23*u - 5 = -97. Let v(w) = -w**2 - 6. Calculate v(u).
-22
Let y = 110 + -63. Suppose 8*v + 9 = -y. Let r(g) = g**3 + 6*g**2 - 4*g + 6. Give r(v).
-15
Let q(l) be the third derivative of -l**6/60 - l**5/30 - l**4/12 - l**3/6 + 3*l**2 - 5*l. Let m be (-3 - (2 + -4))*1. What is q(m)?
1
Let t(c) = 2*c + 28. Let z = 1321 + -1331. Give t(z).
8
Let h(o) = 13*o - 45. Let f(l) = 5*l - 16. Let n(k) = -11*f(k) + 4*h(k). What is n(-5)?
11
Let x(h) = h**2 - 9*h - 7. Suppose 2*b = -2*b + 16. Suppose 0 = -5*o + 20, 4*o = b*i - 8 - 4. Give x(i).
-21
Let q(s) be the second derivative of s**3/6 - 3*s**2 + 7*s + 49. Let x(l) = 5 - 6*l + 6*l + l**2. Let t be x(0). Determine q(t).
-1
Let z = 2/2557 - -7663/10228. Let w(d) be the second derivative of 0 + z*d**4 + 1/2*d**2 + 0*d**3 + 10*d. Calculate w(1).
10
Suppose 4*k + 6*j - 9*j = 12, -j - 4 = -3*k. Let h(b) be the first derivative of 1/2*b**2 + k*b - 4. What is h(-6)?
-6
Let f(d) = d + 0*d - d**2 - 1059 + 1064 + 2*d. Determine f(7).
-23
Let f(h) be the third derivative of 1/12*h**4 + 0 + 11*h**2 + 1/60*h**5 + 1/6*h**3 + 0*h. Let t be (5/((-5)/(-2)))/(-2). Determine f(t).
0
Let q(t) be the third derivative of -t**4/12 + t**3/3 - 9*t**2. Let w be (3/(-5))/((-1)/5). Suppose 2*a - l = 9, w + 7 = 2*a - 2*l. What is q(a)?
-6
Let x(d) = 1 + 6*d - 2*d + d - d**2. Let w(k) = -k**3 + 16*k**2 - 52*k - 74. Let b be w(7). Calculate x(b).
7
Let r(u) = -u - 2. Suppose -45 = 5*b + 125. Let p(k) be the third derivative of k**4/4 + 2*k**3 + 10*k**2. Let w(j) = b*r(j) - 6*p(j). Give w(-4).
4
Suppose 5*y = -3*w - 2*w + 45, 0 = 5*w + y - 33. Let j(z) = -2*z - 5. Determine j(w).
-17
Let i(g) = -10*g - 27. Let m(f) = 6*f + 14. Let w(l) = 6*i(l) + 11*m(l). Give w(6).
28
Let y = 10 - 15. Let x(m) = m**2 + 2*m - 4. Give x(y).
11
Suppose -53 = -4*m - 3*h, 0 = -3*h - 1 + 10. Let b = -16 + m. Let c(l) = -3*l + 9. Let a(v) = 8*v - 26. Let n(y) = b*a(y) - 14*c(y). What is n(-5)?
-6
Suppose -q = q - 6. Let u(d) be the first derivative of -2 + 1/3*d**3 + 1/2*d**2 - 2*d. What is u(q)?
10
Let q(x) = 0 + 5*x**2 + 1 + 4*x**2. Let p(g) = g**2 - 20. Let b be p(5). Suppose -5*o = -5*h + b, 0*o = -4*o + 2*h - 4. Determine q(o).
10
Let g(n) = 2*n**2 - 23*n + 1. Let m(r) = -r**2 + 9*r. Let p(b) = 3*g(b) + 8*m(b). Give p(-4).
-41
Let x(p) = p + 3. Let f be x(0). Suppose h + 2*y = -6, -11 - 9 = 5*y. Suppose h*n - f = n. Let z(d) = 2*d + 2. What is z(n)?
8
Suppose 0 = -5*o - 3*i + 12, 7 + 0 = 4*o + 5*i. Suppose 4*d - 2*s - 2*s = -8, o*d = -2*s - 21. Let r(u) = 7 - 2 - 2*u + 0*u**2 + u**2 + 8*u. Determine r(d).
0
Let n(f) = -f + 13. Let k be n(8). Suppose -5 = 5*i, 0*g + 2*i = -k*g - 12. Let z(v) = v**3 + v**2. What is z(g)?
-4
Let z be (-1045)/(-495) + (-2)/18. Let b(p) be the first derivative of 1/4*p**4 - 2/3*p**3 + 3/2*p**2 - 2 + 0*p. Give b(z).
6
Let j(s) = s + 3. Let w be j(-8). Let d(o) = 2*o**2 - o**2 + 14 - 42 + 5*o + 26. Give d(w).
-2
Let i be (-12)/(-28) - (-75)/21. Suppose i*n = 7*n - 6. Let o(z) = z**3 - 4*z**2 + 3*z - 3. Determine o(n).
-5
Suppose -5*m - 2 = j + 6, -3*j + m + 40 = 0. Let g(h) = h**3 - 10*h**2 - 25*h - 3. Give g(j).
-15
Let c(p) be the third derivative of 1/60*p**5 + 12*p**2 + 1/24*p**4 + 0*p + 0 - 2/3*p**3. Let w be c(-3). Let a(u) = -u**2 + 2. Calculate a(w).
-2
Let k(u) be the second derivative of -u**4/12 - 2*u**3/3 + u**2/2 + 6*u. Let g be k(-3). Let w = -10 + g. Let l(s) = s**3 + 7*s**2 + 7*s + 5. Give l(w).
-1
Let w(g) = 2*g**2 - 6*g + 2. Let y(a) = 5*a**2 - 17*a + 6. Let l(c) = -8*w(c) + 3*y(c). Determine l(-3).
2
Suppose 150*c - 4 = 146*c. Let k(j) = -9*j**2 - 2*j + 1. What is k(c)?
-10
Let b(z) be the third derivative of -z**8/20160 - z**6/720 + 41*z**5/60 - 4*z**2 + 1. Let j(a) be the third derivative of b(a). Determine j(4).
-17
Let g(w) = 9*w - 5 - 24*w + 8*w. Let m(q) = -4*q**2 - q + 1. Let t be m(1). Calculate g(t).
23
Let p(d) = 107*d**2 - 41*d**2 - 26*d**2 - 32*d**2 - 2*d. Calculate p(1).
6
Let q(w) be the second derivative of w**5/20 - w**4/4 + w**3/6 - 6*w**2 - 15*w + 3. Calculate q(3).
-9
Let n(d) be the third derivative of -d**7/2520 + 7*d**6/720 + d**5/24 + 3*d**4/8 - 12*d**2. Let h(j) be the second derivative of n(j). What is h(6)?
11
Let g(u) = -26 + 64 + u**2 + 7*u - 28. What is g(-7)?
10
Suppose c + 9 = d - 0*d, 0 = -d - 4*c - 11. Suppose d*x - x = 12. Let r(v) = -1 - 2*v**3 + 19*v - 16*v - 2*v**2 + x*v**3. What is r(2)?
5
Let f = 847/2 - 422. Let o(j) be the first derivative of -10 + 1/3*j**3 + 3*j + f*j**2. Calculate o(-3).
3
Let f(s) be the second derivative of s**6/720 - s**5/20 - 5*s**4/4 - 17*s. Let y(z) be the third derivative of f(z). Give y(6).
0
Let n(i) = -i**3 + i**2 - i - 1. Let v be (-27)/((-15)/40*2). Let q be 6/21 - v/28. Determine n(q).
2
Let k(o) be the second derivative of o**3 + 3*o**2 - 783*o. What is k(-4)?
-18
Let t(v) = 7*v**2 - v + 12. Let b(u) = -u**2 + u - 2. Let c(r) = 5*b(r) + t(r). What is c(-2)?
2
Suppose 22*g - 32 = 26*g. Let v(c) = c**2 + 9*c - 2. Give v(g).
-10
Let v(b) be the first derivative of -3*b**2/2 + 14*b + 49. Determine v(3).
5
Let f = -1 + 1. Let r(g) be the third derivative of -g**9/60480 + g**6/90 + g**5/6 + 3*g**2. Let c(d) be the third derivative of r(d). Calculate c(f).
8
Let u(a) be the third derivative of a**4/24 - 5*a**3/3 - 135*a**2. Determine u(-7).
-17
Let u(s) be the second derivative of s**4/4 - s**3/2 - 3*s**2/2 + 167*s. C